10 is divided by 101?
6
Calculate the remainder when 15669 is divided by 1128.
1005
Calculate the remainder when 1493498 is divided by 580.
578
What is the remainder when 2317 is divided by 556?
93
What is the remainder when 148990 is divided by 29798?
0
Calculate the remainder when 20632 is divided by 65.
27
Calculate the remainder when 164816 is divided by 1632.
1616
Calculate the remainder when 44527 is divided by 1175.
1052
What is the remainder when 36613 is divided by 9150?
13
Calculate the remainder when 70078 is divided by 192.
190
What is the remainder when 240901 is divided by 56?
45
Calculate the remainder when 620755 is divided by 14.
9
Calculate the remainder when 15719 is divided by 32.
7
What is the remainder when 205672 is divided by 22851?
13
Calculate the remainder when 1395 is divided by 39.
30
What is the remainder when 79944 is divided by 189?
186
What is the remainder when 480829 is divided by 70?
69
Calculate the remainder when 7479 is divided by 6922.
557
What is the remainder when 123261 is divided by 209?
160
Calculate the remainder when 1146292 is divided by 19.
3
What is the remainder when 35703 is divided by 109?
60
What is the remainder when 849260 is divided by 60?
20
Calculate the remainder when 6644 is divided by 346.
70
Calculate the remainder when 40579 is divided by 198.
187
What is the remainder when 5073 is divided by 1679?
36
Calculate the remainder when 84384 is divided by 60.
24
Calculate the remainder when 35659 is divided by 200.
59
What is the remainder when 400000 is divided by 30769?
3
What is the remainder when 106384 is divided by 1109?
1029
What is the remainder when 52077 is divided by 70?
67
What is the remainder when 194021 is divided by 19401?
11
What is the remainder when 2952 is divided by 584?
32
What is the remainder when 2007 is divided by 662?
21
What is the remainder when 56020 is divided by 55971?
49
Calculate the remainder when 547 is divided by 56.
43
Calculate the remainder when 5275 is divided by 160.
155
Calculate the remainder when 5240831 is divided by 512.
511
What is the remainder when 41815 is divided by 314?
53
What is the remainder when 382979 is divided by 14?
9
What is the remainder when 446970 is divided by 24?
18
What is the remainder when 3320 is divided by 3299?
21
Calculate the remainder when 77159 is divided by 29.
19
Calculate the remainder when 12291 is divided by 178.
9
Calculate the remainder when 6039 is divided by 227.
137
What is the remainder when 2955 is divided by 31?
10
Calculate the remainder when 19304 is divided by 147.
47
What is the remainder when 41235 is divided by 8?
3
Calculate the remainder when 7303492 is divided by 839.
836
What is the remainder when 39993 is divided by 626?
555
What is the remainder when 538293 is divided by 27?
21
What is the remainder when 643659 is divided by 56?
51
What is the remainder when 31890 is divided by 99?
12
What is the remainder when 142542 is divided by 880?
862
What is the remainder when 8654 is divided by 8?
6
What is the remainder when 15159 is divided by 15149?
10
Calculate the remainder when 25887 is divided by 1291.
67
Calculate the remainder when 6431 is divided by 24.
23
What is the remainder when 564 is divided by 305?
259
What is the remainder when 18847 is divided by 124?
123
What is the remainder when 37852 is divided by 880?
12
Calculate the remainder when 3494 is divided by 618.
404
Calculate the remainder when 2623 is divided by 694.
541
Calculate the remainder when 3739 is divided by 1867.
5
What is the remainder when 62731 is divided by 51?
1
What is the remainder when 21339 is divided by 61?
50
What is the remainder when 35467 is divided by 1183?
1160
What is the remainder when 7141 is divided by 188?
185
Calculate the remainder when 8777 is divided by 11.
10
What is the remainder when 914355 is divided by 155?
10
Calculate the remainder when 1215 is divided by 205.
190
Calculate the remainder when 452 is divided by 404.
48
What is the remainder when 3343604 is divided by 36?
32
What is the remainder when 2339 is divided by 775?
14
Calculate the remainder when 717535 is divided by 404.
31
Calculate the remainder when 24445 is divided by 124.
17
What is the remainder when 135820 is divided by 4?
0
What is the remainder when 116858 is divided by 58?
46
What is the remainder when 2700 is divided by 561?
456
Calculate the remainder when 128845 is divided by 32211.
1
What is the remainder when 489 is divided by 151?
36
Calculate the remainder when 199548 is divided by 6436.
32
What is the remainder when 910 is divided by 209?
74
What is the remainder when 9851 is divided by 45?
41
Calculate the remainder when 3246 is divided by 853.
687
Calculate the remainder when 290275 is divided by 11.
7
Calculate the remainder when 3362 is divided by 2900.
462
What is the remainder when 1008 is divided by 336?
0
What is the remainder when 4897 is divided by 143?
35
What is the remainder when 19345 is divided by 567?
67
What is the remainder when 13587 is divided by 1939?
14
Calculate the remainder when 6016 is divided by 315.
31
What is the remainder when 3909 is divided by 960?
69
Calculate the remainder when 60032 is divided by 20005.
17
What is the remainder when 32614 is divided by 10834?
112
What is the remainder when 367799 is divided by 50?
49
What is the remainder when 4755 is divided by 32?
19
What is the remainder when 17208 is divided by 503?
106
What is the remainder when 857163 is divided by 857161?
2
What is the remainder when 104717 is divided by 136?
133
What is the remainder when 985 is divided by 330?
325
What is the remainder when 3199 is divided by 359?
327
What is the remainder when 27502 is divided by 180?
142
Calculate the remainder when 1012 is divided by 494.
24
Calculate the remainder when 7715 is divided by 103.
93
Calculate the remainder when 24904 is divided by 77.
33
What is the remainder when 4107 is divided by 112?
75
What is the remainder when 12044 is divided by 22?
10
Calculate the remainder when 1647401 is divided by 46.
3
Calculate the remainder when 1318 is divided by 1231.
87
Calculate the remainder when 176749 is divided by 329.
76
What is the remainder when 4682 is divided by 1614?
1454
What is the remainder when 5955 is divided by 332?
311
Calculate the remainder when 163087 is divided by 40763.
35
Calculate the remainder when 2877 is divided by 28.
21
What is the remainder when 169761 is divided by 1750?
11
Calculate the remainder when 6696 is divided by 3293.
110
Calculate the remainder when 77348 is divided by 22.
18
What is the remainder when 154119 is divided by 26?
17
What is the remainder when 7073 is divided by 32?
1
What is the remainder when 66957 is divided by 22316?
9
What is the remainder when 67519 is divided by 40?
39
Calculate the remainder when 23316 is divided by 224.
20
What is the remainder when 2350692 is divided by 15?
12
Calculate the remainder when 1044079 is divided by 169.
166
Calculate the remainder when 6025 is divided by 6014.
11
Calculate the remainder when 46414 is divided by 644.
46
Calculate the remainder when 9578 is divided by 1913.
13
What is the remainder when 748 is divided by 88?
44
Calculate the remainder when 20586 is divided by 173.
172
Calculate the remainder when 91036 is divided by 40.
36
Calculate the remainder when 63704 is divided by 574.
564
What is the remainder when 770216 is divided by 21?
20
Calculate the remainder when 8042 is divided by 606.
164
What is the remainder when 82507 is divided by 13746?
31
Calculate the remainder when 16152 is divided by 2690.
12
Calculate the remainder when 125419 is divided by 16.
11
Calculate the remainder when 2638 is divided by 438.
10
What is the remainder when 404838 is divided by 357?
0
What is the remainder when 112983 is divided by 1329?
18
Calculate the remainder when 912361 is divided by 211.
208
Calculate the remainder when 18031 is divided by 5986.
73
Calculate the remainder when 243253 is divided by 168.
157
What is the remainder when 21286 is divided by 1125?
1036
Calculate the remainder when 19679 is divided by 40.
39
What is the remainder when 554943 is divided by 232?
231
Calculate the remainder when 49971 is divided by 87.
33
What is the remainder when 472 is